-114. What are the prime factors of v?
3, 19
Let w be 3/2 + 7337/22. Suppose -3*k = -4*k + 5, -w = -3*m + 2*k. Suppose 0 = 4*c - 4*i - 208, -3*i + m + 107 = 4*c. List the prime factors of c.
2, 3
Let i = 65 + -33. Suppose 5*z + i = 7*z. List the prime factors of z.
2
What are the prime factors of 10 + (11 - -1676) + 7?
2, 3, 71
Suppose -129 = m + 5*a, 3*a = -0*m + 5*m + 645. Let b be m/(-27) - (-6)/27. Suppose -4*d - i = -92, b*d - 101 = 2*i + 14. What are the prime factors of d?
23
Let p = 235 + -57. Let m = 30 + p. Suppose -t + m = 4*u - 2*t, 5*u - 285 = -5*t. List the prime factors of u.
53
Suppose 2 = 11*f + 2. Suppose -19*c + 20*c - 116 = f. List the prime factors of c.
2, 29
Let c = 23 + -18. Suppose 0*i - 145 = -c*i. What are the prime factors of i?
29
Suppose 0 = -3*i + 2*u - 4, 0 = 3*i - 0*u + 3*u - 6. Suppose 55 = j + d, 4*j - 193 = -i*j + 5*d. What are the prime factors of j?
2, 13
Let k(o) = 273*o - 61. List the prime factors of k(4).
1031
Let v be 14 - (-6*1)/(-3). Let r = v - 6. Suppose j = r*j - 25. List the prime factors of j.
5
Suppose -8*l + 24 = -32. Suppose 0 = 8*o - l*o - 145. What are the prime factors of o?
5, 29
Suppose -r - 6*u = -2*u + 10, 0 = r + 3*u + 8. Let z be (-2 + r)/(12/(-9)). Suppose -z*i - 4*s + 244 = i, -269 = -5*i + 4*s. What are the prime factors of i?
3, 19
Let j be 48/18 + 1/3. Let p(s) = s**2 - 3*s - 2. Let y be p(-2). Suppose -y = -d + 4*b, 0*d + 8 = d - j*b. List the prime factors of d.
2
Let o(g) = 7*g**3 - 21*g**2 + 12*g + 26. Let r(d) = 4*d**3 - 11*d**2 + 6*d + 13. Let m(f) = -3*o(f) + 5*r(f). List the prime factors of m(6).
23
Suppose -3*x = 4*q - 57, 0*x + 2*x + 6 = q. Let p = q - 12. Suppose -104 = -4*o - p*o. What are the prime factors of o?
2, 13
Let t(k) = -k + 7. Let q be t(7). Suppose -6*y = a - y - 129, q = a - y - 147. Suppose a - 20 = 4*i. What are the prime factors of i?
31
Let u(k) = 6*k - 12. Let p be 25/(-2)*(-12)/10. Let f be u(p). Suppose -3*o = 3*q - 0*q - f, -123 = -5*o + 2*q. List the prime factors of o.
5
Let w be (-16)/(-28) + (-62)/(-14). Suppose 0 = -2*c + t + 146, w*c + 5*t = 2*t + 376. What are the prime factors of c?
2, 37
Suppose -m = 3*w - 4*m - 15, 2 = -5*w - 4*m. Let o(f) = -4*f + 1 + 4*f + 14*f - f**w. What are the prime factors of o(13)?
2, 7
Let a(f) = -f**3 + f**2 - f - 9. Let j(w) = -w**3 - 6*w**2 + w + 6. Let d be j(-6). Let b be a(d). List the prime factors of (-187)/b + 16/72.
3, 7
Suppose 5*v = -4*t + 25, 3*v + 2*t = -2*v + 35. Suppose -10 = -2*n, -2*x - 14 = 2*n - 52. Let w = x - v. List the prime factors of w.
5
Suppose -z + 3*v - 2 = 2*v, 4*z - 16 = -2*v. Suppose 2*q + 22 = 4*q - 3*w, z*q - 6 = -5*w. List the prime factors of 1*29 + 24/q.
2
Let m = 1920 - 1254. List the prime factors of m.
2, 3, 37
Let r = -498 - -977. List the prime factors of r.
479
Let d(g) = -g**3 + 8*g**2 - 5*g - 20. Let w be d(8). Let k = w + 101. What are the prime factors of k?
41
Let y(x) = -x - 5. Let s be y(-5). Suppose 17*r = 27*r - 310. Let c = r - s. List the prime factors of c.
31
Let b(y) = -6*y**3 + 54*y**2 - 6*y + 3. What are the prime factors of b(6)?
3, 5, 41
Let w(c) = 0*c + 7*c**2 + c - 2 - 2*c**2 + 25*c**2. What are the prime factors of w(1)?
29
What are the prime factors of ((-975)/52)/((-1)/16)?
2, 3, 5
Let x = 14 - 12. Suppose x*w + 4*y = 344, -w - w + 4*y = -320. Suppose 0*j = -3*j - 6, j + w = 4*k. What are the prime factors of k?
41
Let l be (-458)/6 + (-16)/24. Let p = l + 119. List the prime factors of p.
2, 3, 7
Let w = 10 + -20. Let x = w - -17. Suppose -24 = x*s - 115. List the prime factors of s.
13
Suppose 2*p + 5*r - 14 + 35 = 0, -19 = 3*p + 5*r. Suppose -5*w + 198 = -p*w. List the prime factors of w.
2, 3, 11
What are the prime factors of (-2)/(-6) - 51*(-548)/18?
1553
Let v(b) = b**2 - 11*b + 7. Let k be v(11). Let g(j) be the third derivative of -j**6/120 + j**5/6 - 13*j**4/24 - 5*j**2. What are the prime factors of g(k)?
2, 7
Let o(a) = -a**2 + 59*a + 4. What are the prime factors of o(28)?
2, 109
Let t = 5 + 12. Let f = 95 - t. Suppose -a - a = -f. List the prime factors of a.
3, 13
Let v(y) = y - 30. Let q be v(25). List the prime factors of q/50 - (-10884)/40.
2, 17
Suppose -8*y + 9*y - 467 = -2*l, l + 3*y = 221. List the prime factors of l.
2, 59
Suppose -29 = -j + x, 27 = 2*j - 3*x - 30. Suppose 16 = b - 10. Suppose -j = -4*l + b. What are the prime factors of l?
2, 7
Suppose 5*p - g - 676 = 0, -2*p - 2*g + 207 = -61. Suppose 4*b - p = -5*w, 2*w - 2 = b - 26. What are the prime factors of b?
2, 3, 5
Let o(f) = f**2 - f - 15. Let t be o(7). Suppose 5*m = t + 298. Suppose -4*a + 2*c + 85 = -m, 4*a - 120 = -4*c. List the prime factors of a.
5, 7
Let i(n) = 2*n + 14. Let h(t) = 3*t + 14. Let d(v) = 3*h(v) - 4*i(v). Let f be d(16). Suppose f*r = 3*r - 30. What are the prime factors of r?
2, 3, 5
Suppose -16 = -3*v - 2*c, -2*c - c + 15 = 3*v. Let q be (8 - 5)*8/v. Suppose -5*r - 28 = -x, -q*x + r - 14 = -164. List the prime factors of x.
2, 19
What are the prime factors of (2480/(-3) - -6)*-3?
2, 1231
Suppose 1983 = -3*k + 6*k. List the prime factors of k.
661
Let f be (1278/(-45))/(1/(-5)). List the prime factors of f - -8*(-3)/6.
2, 3, 23
Suppose -2*k + 0*k + 2010 = 3*m, 3334 = 5*m - 2*k. List the prime factors of m.
2, 167
Let p(n) = 14*n**2 - 2. Let w be p(-2). Let s = w - 38. Let i = s - 0. List the prime factors of i.
2
Suppose 4*a - 2 = 5*u - 6, -4*a + 12 = -u. Suppose -2*s + 26 = 3*g - 6*s, -s + u = g. What are the prime factors of -9*3/g*-6?
3
Suppose 3*m - 5*m = 8, -2*g = -5*m - 4. Let p = g + 37. List the prime factors of p.
29
Let q be ((-18)/(-12))/((-3)/(-4)). Let z(r) = 6*r**2 - q*r**2 + 0*r**2. List the prime factors of z(-1).
2
Suppose 3274 = 4*l + 2*w, 3*l + 20*w = 15*w + 2438. List the prime factors of l.
821
Suppose 4*y - 18 = w, 2*w - 5*y = -y - 24. Let h(f) be the first derivative of -f**4/4 - 4*f**3/3 + 7*f**2/2 + 9*f + 4. What are the prime factors of h(w)?
3, 13
Suppose -c - 3*c = 20. Let d be -2 + (32 - (-20)/c). Suppose 3*i = 0, d + 27 = f - 3*i. What are the prime factors of f?
53
Let x = -499 + 732. What are the prime factors of x?
233
Let f(v) = 2*v**2 + 2 - 3*v - 4 - 1 + 0. Let i be f(3). Let k = i + 13. List the prime factors of k.
19
Let q(c) = 6*c + 6. Let n be 2*6/(-3)*-3. Let u be (n/(-42))/((-1)/7). List the prime factors of q(u).
2, 3
Suppose 4*t - 2 = 10. Suppose t*n - n - 4 = 0. Suppose 2*z = -n, -89 = -3*u + 3*z + 61. List the prime factors of u.
7
Suppose -3*d + 3*j + 3 + 0 = 0, 3*d + j = 7. Suppose h - 106 = d*f - 14, -3*h + 3*f + 270 = 0. List the prime factors of h.
2, 11
Let m = -155 + 157. Suppose -m*g + 619 = 89. What are the prime factors of g?
5, 53
Suppose -3*y + 0*y + 72 = 0. Let z be -1*((-3)/1)/3. List the prime factors of y - -6 - (-1 + z).
2, 3, 5
Suppose -11 - 5 = -4*b. Suppose 0 = 8*d - b*d - 48. List the prime factors of (19 - -1)*d/15.
2
Suppose 4534 = 16*y - 10442. List the prime factors of y.
2, 3, 13
List the prime factors of 612608/320 - ((-12)/10)/(-3).
2, 3, 11, 29
Let w = 580 - -466. Suppose 2*c = -2*v + 6*v + 520, 4*c - 2*v - w = 0. List the prime factors of c.
2, 131
What are the prime factors of (7/(-6 - 8))/(1/(-1672))?
2, 11, 19
Let i = 32 + -27. Suppose -3*g = -31 - 17. Suppose h - g = i. What are the prime factors of h?
3, 7
Let x(o) = -21*o**3 + 18*o**2 + 6*o + 4. List the prime factors of x(-5).
3049
Let i = -8 + 50. Suppose 4*n - 88 = -4*c, -3*n - i = -3*c + 42. List the prime factors of c.
5
Suppose i - 817 = -b, 0 = -5*b - 2*i + 4277 - 186. Suppose -9*z = -2*z - b. What are the prime factors of z?
3, 13
Let i = -14 - -19. Suppose -3*a = t - 24, -7*t + 120 = -2*t + i*a. What are the prime factors of t?
2, 3
Suppose 0 = 4*d + g + 8, 0 = 4*d + 5*g - 3*g + 4. Let t = d + 63. List the prime factors of t.
2, 3, 5
List the prime factors of -5 + 1 - 13/(13/(-792)).
2, 197
Let f be 1 - 192/(-30) - 2/5. Let g = f - -7. What are the prime factors of g?
2, 7
Suppose -9*q + 4 = 13. Let w = 217 + q. What are the prime factors of w?
2, 3
Let p = -45 + 48. Let a(i) = 5*i**3 + 3*i**2 + 6*i - 12. What are the prime factors of a(p)?
2, 3, 7
Let g be 228/(-16) - (-1)/4. Let h be (-2664)/(-63) - (-4)/g. Suppose 2*j - 3*k - h = -6*k, -73 = -3*j - 2*k. List the prime factors of j.
3
Let d(